{"id":487,"date":"2013-02-16T09:31:20","date_gmt":"2013-02-16T09:31:20","guid":{"rendered":"https:\/\/eratostene.vialattea.net\/wpe\/2013\/02\/16\/afelio-e-perielio\/"},"modified":"2021-02-21T09:25:19","modified_gmt":"2021-02-21T08:25:19","slug":"afelio-e-perielio","status":"publish","type":"page","link":"https:\/\/eratostene.vialattea.net\/wpe\/glossario\/afelio-e-perielio\/","title":{"rendered":"Afelio e perielio"},"content":{"rendered":"\n<p>L&#8217;<strong>afelio<\/strong>&nbsp;e il&nbsp;<strong>perelio<\/strong>&nbsp;sono i due punti dell&#8217;orbita in cui la Terra si trova rispettivamente alla massima e alla minima distanza dal Sole.<\/p>\n\n\n\n<div class=\"wp-block-image\"><figure class=\"alignleft\"><img loading=\"lazy\" decoding=\"async\" width=\"332\" height=\"251\" src=\"https:\/\/eratostene.vialattea.net\/wpe\/wp-content\/uploads\/2013\/02\/afelioperielio.gif\" alt=\"\" class=\"wp-image-486\"\/><\/figure><\/div>\n\n\n\n<p>L&#8217;orbita terrestre \u00e8 un&#8217;<a href=\"https:\/\/eratostene.vialattea.net\/wpe\/argomenti\/geometria-utile\/lellisse\/\" data-type=\"page\" data-id=\"5513\">ellisse<\/a> e il Sole occupa uno dei due <em>fuochi<\/em>. Di conseguenza la distanza della Terra dal Sole non \u00e8 costante ma varia nel corso dell&#8217;anno.<\/p>\n\n\n\n<p><em>Afelio<\/em> e <em>perielio<\/em> non si riferiscono solo alla Terra ma anche a qualsiasi pianeta e oggetto del Sistema Solare in orbita ellittica attorno al Sole.<\/p>\n\n\n\n<p>In generale, i due punti si chiamano <strong>apsidi<\/strong> dell&#8217;ellisse e si parla di <strong>apoastro<\/strong> (o <strong>apoapside<\/strong>, o <strong>apocentro<\/strong>) e <strong>periastro<\/strong> (o <strong>periapside<\/strong>, o <strong>pericentro<\/strong>) per qualsiasi corpo celeste in orbita ellittica attorno ad un altro.&nbsp;Da qui deriva l&#8217;espressione&nbsp;<strong>linea degli apsidi<\/strong>, che sta a indicare la retta che congiunge l&#8217;afelio e il perielio, passante per l&#8217;asse maggiore dell&#8217;ellisse.<\/p>\n\n\n\n<p>In particolare, per l&#8217;orbita della Luna, si parla di <strong>apogeo<\/strong> e <strong>perigeo<\/strong> come i punti di massima e minima distanza rispetto alla Terra.&nbsp;Talvolta per\u00f2, come retaggio di un visione geocentrica, si utilizzano i termini apogeo e perigeo anche per indicare i punti dell&#8217;afelio e del perielio sull&#8217;eclittica, rappresentata sulla sfera celeste.<\/p>\n\n\n\n<p>La linea degli apsidi non \u00e8 immobile rispetto alle stelle, bens\u00ec ruota in senso uguale o inverso rispetto al senso di rotazione del corpo orbitante. Tale fenomeno \u00e8 chiamato <a href=\"https:\/\/eratostene.vialattea.net\/wpe\/glossario\/precessione-anomalistica\/\" data-type=\"page\" data-id=\"6215\">precessione anomalistica<\/a>.<\/p>\n\n\n\n<p class=\"has-background\" style=\"background-color:#fff7e1;font-size:14px\">I termini <em>afelio<\/em> e <em>perielio<\/em> derivano dal latino scientifico\u00a0<em>aphelium<\/em> e <em>perihelium<\/em>, due voci create da <a rel=\"noreferrer noopener\" href=\"https:\/\/it.m.wikipedia.org\/wiki\/Giovanni_Keplero\" target=\"_blank\">Keplero<\/a>. I due prefissi derivano dal greco <em>apo<\/em> (\u1f00\u03c0\u03cc) &#8220;lontano da&#8221; e <em>peri<\/em> (\u03c0\u03b5\u03c1\u03b9) &#8220;intorno a&#8221;.  La seconda parte, <em>elios<\/em> \u00a0(\u1f25\u00a0\u03bb\u03b9\u03bf\u03c2)\u00a0significa &#8220;sole&#8221;. La parola <em>apside<\/em> o <em>abside<\/em> deriva dal latino\u00a0<em>apsis<\/em>\u00a0&#8211;<em>\u012bdis<\/em> e dal greco\u00a0<em>apsis<\/em> (\u1f01\u03c8\u03af\u03c2\u00a0-\u1fd6\u03b4\u03bf\u03c2)\u00a0che significa &#8220;curvatura&#8221;: le due estremit\u00e0 dell&#8217;asse maggiore di un&#8217;ellisse sono i due punti di maggior curvatura.<\/p>\n\n\n\n<p><\/p>\n\n\n\n<p class=\"has-text-align-center has-small-font-size\">~~~<a href=\"https:\/\/eratostene.vialattea.net\/wpe\/glossario\/\">GLOSSARIO<\/a>~~~<\/p>\n","protected":false},"excerpt":{"rendered":"<p>L&#8217;afelio&nbsp;e il&nbsp;perelio&nbsp;sono i due punti dell&#8217;orbita in cui la Terra si trova rispettivamente alla massima e alla minima distanza dal Sole. L&#8217;orbita terrestre \u00e8 un&#8217;ellisse e il Sole occupa uno dei due fuochi. Di conseguenza la distanza della Terra dal<\/p>\n","protected":false},"author":1,"featured_media":0,"parent":2019,"menu_order":84,"comment_status":"open","ping_status":"open","template":"","meta":{"_coblocks_attr":"","_coblocks_dimensions":"","_coblocks_responsive_height":"","_coblocks_accordion_ie_support":"","_uag_custom_page_level_css":"","footnotes":""},"class_list":["post-487","page","type-page","status-publish","hentry"],"uagb_featured_image_src":{"full":false,"thumbnail":false,"medium":false,"medium_large":false,"large":false,"1536x1536":false,"2048x2048":false,"featured-blog-large":false,"featured-blog-medium":false,"featured":false,"featured-blog-medium-small":false,"rpwe-thumbnail":false},"uagb_author_info":{"display_name":"adminwperatostene","author_link":"https:\/\/eratostene.vialattea.net\/wpe\/author\/adminwperatostene\/"},"uagb_comment_info":0,"uagb_excerpt":"L&#8217;afelio&nbsp;e il&nbsp;perelio&nbsp;sono i due punti dell&#8217;orbita in cui la Terra si trova rispettivamente alla massima e alla minima distanza dal Sole. L&#8217;orbita terrestre \u00e8 un&#8217;ellisse e il Sole occupa uno dei due fuochi. Di conseguenza la distanza della Terra dal","_links":{"self":[{"href":"https:\/\/eratostene.vialattea.net\/wpe\/wp-json\/wp\/v2\/pages\/487","targetHints":{"allow":["GET"]}}],"collection":[{"href":"https:\/\/eratostene.vialattea.net\/wpe\/wp-json\/wp\/v2\/pages"}],"about":[{"href":"https:\/\/eratostene.vialattea.net\/wpe\/wp-json\/wp\/v2\/types\/page"}],"author":[{"embeddable":true,"href":"https:\/\/eratostene.vialattea.net\/wpe\/wp-json\/wp\/v2\/users\/1"}],"replies":[{"embeddable":true,"href":"https:\/\/eratostene.vialattea.net\/wpe\/wp-json\/wp\/v2\/comments?post=487"}],"version-history":[{"count":17,"href":"https:\/\/eratostene.vialattea.net\/wpe\/wp-json\/wp\/v2\/pages\/487\/revisions"}],"predecessor-version":[{"id":10865,"href":"https:\/\/eratostene.vialattea.net\/wpe\/wp-json\/wp\/v2\/pages\/487\/revisions\/10865"}],"up":[{"embeddable":true,"href":"https:\/\/eratostene.vialattea.net\/wpe\/wp-json\/wp\/v2\/pages\/2019"}],"wp:attachment":[{"href":"https:\/\/eratostene.vialattea.net\/wpe\/wp-json\/wp\/v2\/media?parent=487"}],"curies":[{"name":"wp","href":"https:\/\/api.w.org\/{rel}","templated":true}]}}