{"id":5183,"date":"2020-06-29T08:43:16","date_gmt":"2020-06-29T06:43:16","guid":{"rendered":"https:\/\/eratostene.vialattea.net\/wpe\/?page_id=5183"},"modified":"2021-04-01T22:20:55","modified_gmt":"2021-04-01T20:20:55","slug":"dove-guarda-la-luna","status":"publish","type":"page","link":"https:\/\/eratostene.vialattea.net\/wpe\/argomenti\/luna\/dove-guarda-la-luna\/","title":{"rendered":"Dove guarda la Luna?"},"content":{"rendered":"\n<div class=\"wp-block-media-text alignwide is-stacked-on-mobile\" style=\"grid-template-columns:47% auto\"><figure class=\"wp-block-media-text__media\"><a href=\"https:\/\/eratostene.vialattea.net\/wpe\/wp-content\/uploads\/2020\/06\/dove-guarda-la-luna.jpg\"><img loading=\"lazy\" decoding=\"async\" width=\"800\" height=\"610\" src=\"https:\/\/eratostene.vialattea.net\/wpe\/wp-content\/uploads\/2020\/06\/dove-guarda-la-luna.jpg\" alt=\"\" class=\"wp-image-5195 size-full\" srcset=\"https:\/\/eratostene.vialattea.net\/wpe\/wp-content\/uploads\/2020\/06\/dove-guarda-la-luna.jpg 800w, https:\/\/eratostene.vialattea.net\/wpe\/wp-content\/uploads\/2020\/06\/dove-guarda-la-luna-300x229.jpg 300w, https:\/\/eratostene.vialattea.net\/wpe\/wp-content\/uploads\/2020\/06\/dove-guarda-la-luna-768x586.jpg 768w\" sizes=\"auto, (max-width: 800px) 100vw, 800px\" \/><\/a><\/figure><div class=\"wp-block-media-text__content\">\n<p>Se si osserva la Luna intorno al primo quarto o all&#8217;ultimo quarto si pu\u00f2 assistere ad un fenomeno interessante. Il bordo illuminato dovrebbe essere rivolto verso il Sole. In termini pi\u00f9 precisi, prolungando il segmento che congiunge il centro del disco lunare con il <em>punto medio del bordo illuminato<\/em>  (o <em>apice del bordo illuminato<\/em>) si dovrebbe incontrare il Sole. L&#8217;<em>asse delle cuspidi<\/em> (chiamata anche <em>linea dei corni<\/em>) \u00e8 perpendicolare al circolo massimo che passa per la Luna e il Sole.<\/p>\n<\/div><\/div>\n\n\n\n<div class=\"wp-block-media-text alignwide has-media-on-the-right is-stacked-on-mobile\" style=\"grid-template-columns:auto 46%\"><figure class=\"wp-block-media-text__media\"><a href=\"https:\/\/eratostene.vialattea.net\/wpe\/wp-content\/uploads\/2020\/06\/luna-e-sole.jpg\"><img loading=\"lazy\" decoding=\"async\" width=\"880\" height=\"428\" src=\"https:\/\/eratostene.vialattea.net\/wpe\/wp-content\/uploads\/2020\/06\/luna-e-sole.jpg\" alt=\"\" class=\"wp-image-5196 size-full\" srcset=\"https:\/\/eratostene.vialattea.net\/wpe\/wp-content\/uploads\/2020\/06\/luna-e-sole.jpg 880w, https:\/\/eratostene.vialattea.net\/wpe\/wp-content\/uploads\/2020\/06\/luna-e-sole-300x146.jpg 300w, https:\/\/eratostene.vialattea.net\/wpe\/wp-content\/uploads\/2020\/06\/luna-e-sole-768x374.jpg 768w\" sizes=\"auto, (max-width: 880px) 100vw, 880px\" \/><\/a><\/figure><div class=\"wp-block-media-text__content\">\n<p>Eppure in alcune situazioni si pu\u00f2 assistere ad una strana, apparente anomalia. Ad esempio, se la Luna \u00e8 all&#8217;incirca al primo quarto e il Sole si avvicina al tramonto si pu\u00f2 osservare che il punto medio del bordo illuminato \u00e8 rivolto &#8220;verso l&#8217;alto&#8221; <a href=\"#nota1\">(*)<\/a>. La Luna, in questa situazione si trova certamente ad un&#8217;altezza maggiore del Sole e quindi, secondo logica, il bordo illuminato dovrebbe rivolgersi &#8220;verso il basso&#8221;, cio\u00e8 verso l&#8217;orizzonte nel punto dove si trova il Sole. Sembra perci\u00f2 che la Luna &#8220;non guardi&#8221; il Sole come dovrebbe.<\/p>\n<\/div><\/div>\n\n\n\n<p>Per verificare come stanno davvero le cose basta usare una corda. A braccia tese si tende la corda in modo che essa raggiunga sia il centro del disco lunare che il centro del disco solare. Si scoprir\u00e0 che la corda \u00e8 effettivamente allineata con la direzione dell&#8217;apice del bordo illuminato della Luna; ad occhio nudo \u00e8 facile valutare anche la perpendicolarit\u00e0 della corda rispetto all&#8217;asse delle cuspidi lunari. Dobbiamo concludere che, nonostante le apparenze, la Luna sta effettivamente guardando il Sole! <\/p>\n\n\n\n<p>Osservando senza l&#8217;uso di una corda, il nostro atteggiamento istintivo \u00e8 quello di confrontare tra loro le altezze dei due astri e decidere quale dovrebbe essere la direzione dell&#8217;apice illuminato della Luna rispetto al Sole. In realt\u00e0, il confronto tra le altezze degli astri, in questo caso, non ci porta da nessuna parte.<\/p>\n\n\n\n<p>La spiegazione del fenomeno ha a che fare con una questione squisitamente geometrica che riguarda la sfera celeste. La <a href=\"https:\/\/eratostene.vialattea.net\/wpe\/glossario\/distanza-angolare\/\">distanza angolare<\/a> tra due corpi celesti corrisponde necessariamente ad un <a href=\"https:\/\/eratostene.vialattea.net\/wpe\/glossario\/arco-di-circolo-massimo\/\">arco di cerchio massimo<\/a> sulla sfera. Se si vuole tracciare il percorso pi\u00f9 breve tra due punti sulla superficie di una sfera \u00e8 necessario far passare per i due punti un <a href=\"https:\/\/eratostene.vialattea.net\/wpe\/glossario\/circolo-massimo-e-circolo-minore\/\">cerchio massimo<\/a>. Qualunque altro arco, tracciato lungo cerchi minori, sar\u00e0 <em>pi\u00f9 lungo<\/em> dell&#8217;arco di cerchio massimo. Il percorso della luce solare che illumina la Luna \u00e8 il percorso pi\u00f9 breve tra i due astri e perci\u00f2 la direzione da cercare in cielo \u00e8 quella dell&#8217;arco di cerchio massimo.<\/p>\n\n\n\n<div class=\"wp-block-media-text alignwide is-stacked-on-mobile\" style=\"grid-template-columns:37% auto\"><figure class=\"wp-block-media-text__media\"><a href=\"https:\/\/eratostene.vialattea.net\/wpe\/wp-content\/uploads\/2020\/06\/distanza-angolare.jpg\"><img loading=\"lazy\" decoding=\"async\" width=\"1000\" height=\"842\" src=\"https:\/\/eratostene.vialattea.net\/wpe\/wp-content\/uploads\/2020\/06\/distanza-angolare.jpg\" alt=\"\" class=\"wp-image-5198 size-full\" srcset=\"https:\/\/eratostene.vialattea.net\/wpe\/wp-content\/uploads\/2020\/06\/distanza-angolare.jpg 1000w, https:\/\/eratostene.vialattea.net\/wpe\/wp-content\/uploads\/2020\/06\/distanza-angolare-300x253.jpg 300w, https:\/\/eratostene.vialattea.net\/wpe\/wp-content\/uploads\/2020\/06\/distanza-angolare-768x647.jpg 768w\" sizes=\"auto, (max-width: 1000px) 100vw, 1000px\" \/><\/a><\/figure><div class=\"wp-block-media-text__content\">\n<p>La distanza angolare tra due astri \u00e8 concettualmente facile da misurare: l&#8217;occhio ($O$) rappresenta il centro della sfera celeste e l&#8217;angolo compreso tra le direzioni dei due astri $\\widehat{LOS}$ corrisponde anche all&#8217;arco di cerchio massimo $a$ che passa per essi. Tale arco \u00e8 la proiezione sulla sfera celeste della linea retta che li congiunge effettivamente ($LS$), ed \u00e8 anche la proiezione sulla sfera celeste della corda $c$ tesa tra le nostre mani mentre si esegue l&#8217;osservazione descritta precedentemente.<\/p>\n<\/div><\/div>\n\n\n\n<div class=\"wp-block-media-text alignwide is-stacked-on-mobile\" style=\"grid-template-columns:41% auto\"><figure class=\"wp-block-media-text__media\"><a href=\"https:\/\/eratostene.vialattea.net\/wpe\/wp-content\/uploads\/2020\/06\/stesso-almucantarat.jpg\"><img loading=\"lazy\" decoding=\"async\" width=\"1000\" height=\"473\" src=\"https:\/\/eratostene.vialattea.net\/wpe\/wp-content\/uploads\/2020\/06\/stesso-almucantarat.jpg\" alt=\"\" class=\"wp-image-5199 size-full\" srcset=\"https:\/\/eratostene.vialattea.net\/wpe\/wp-content\/uploads\/2020\/06\/stesso-almucantarat.jpg 1000w, https:\/\/eratostene.vialattea.net\/wpe\/wp-content\/uploads\/2020\/06\/stesso-almucantarat-300x142.jpg 300w, https:\/\/eratostene.vialattea.net\/wpe\/wp-content\/uploads\/2020\/06\/stesso-almucantarat-768x363.jpg 768w\" sizes=\"auto, (max-width: 1000px) 100vw, 1000px\" \/><\/a><\/figure><div class=\"wp-block-media-text__content\">\n<p>Per capire meglio l&#8217;apparente anomalia osservata si pensi ad una situazione semplificata in cui la Luna, vicina al primo quarto, e il Sole, si trovino alla stessa altezza. E&#8217; una situazione che si verifica effettivamente ad una certa ora pomeridiana quando il Sole si trova nell&#8217;emisfero occidentale e la Luna nell&#8217;emisfero orientale a circa $90^\\circ$ di distanza angolare. In questo istante c&#8217;\u00e8 un unico <a href=\"https:\/\/eratostene.vialattea.net\/wpe\/glossario\/almicantarat-o-almucantarat\/\">almucantarat<\/a> che passa per entrambi gli astri. L&#8217;<em>almucantarat<\/em>, o <em>parallelo di altezza<\/em> \u00e8 un cerchio minore, parallelo all&#8217;orizzonte, i cui punti hanno la stessa altezza. Di conseguenza l&#8217;arco di almucantarat che congiunge i due astri <em>non \u00e8<\/em> la loro distanza angolare. L&#8217;immagine qui a fianco rappresenta l&#8217;idea erronea che abbiamo di uno sfondo piatto del cielo in cui l&#8217;almucantarat e l&#8217;orizzonte sembrano due rette parallele. Cos\u00ec si immagina che la distanza tra i due astri sia un arco di almucantarat. <\/p>\n<\/div><\/div>\n\n\n\n<div class=\"wp-block-media-text alignwide has-media-on-the-right is-stacked-on-mobile\" style=\"grid-template-columns:auto 40%\"><figure class=\"wp-block-media-text__media\"><a href=\"https:\/\/eratostene.vialattea.net\/wpe\/wp-content\/uploads\/2020\/06\/cerchio-massimo-e-almucantarat.jpg\"><img loading=\"lazy\" decoding=\"async\" width=\"1000\" height=\"907\" src=\"https:\/\/eratostene.vialattea.net\/wpe\/wp-content\/uploads\/2020\/06\/cerchio-massimo-e-almucantarat.jpg\" alt=\"\" class=\"wp-image-5200 size-full\" srcset=\"https:\/\/eratostene.vialattea.net\/wpe\/wp-content\/uploads\/2020\/06\/cerchio-massimo-e-almucantarat.jpg 1000w, https:\/\/eratostene.vialattea.net\/wpe\/wp-content\/uploads\/2020\/06\/cerchio-massimo-e-almucantarat-300x272.jpg 300w, https:\/\/eratostene.vialattea.net\/wpe\/wp-content\/uploads\/2020\/06\/cerchio-massimo-e-almucantarat-768x697.jpg 768w\" sizes=\"auto, (max-width: 1000px) 100vw, 1000px\" \/><\/a><\/figure><div class=\"wp-block-media-text__content\">\n<p>L&#8217;arco di cerchio massimo che congiunge i due astri passa <em>al di sopra<\/em> dell&#8217;almucantarat. Ci\u00f2 spiega la strana inclinazione &#8220;verso l&#8217;alto&#8221; della gobba lunare che ci fa credere che la Luna non stia &#8220;guardando&#8221; il Sole.<\/p>\n<\/div><\/div>\n\n\n\n<p class=\"has-text-align-right\"><em>Ringrazio <a href=\"mailto:valerio.versari@virgilio.it\">Valerio Versari<\/a> per il suo utile contributo a questa pagina.<\/em><\/p>\n\n\n\n<hr class=\"wp-block-separator\"\/>\n\n\n\n<p><a id=\"nota1\"><\/a>(*)<\/p>\n\n\n\n<p>L&#8217;assetto del bordo illuminato e quindi dell&#8217;asse delle cuspidi lunari si pu\u00f2 calcolare in base alle coordinate equatoriali del Sole e della Luna e alla latitudine dell&#8217;osservatore. Descrivo qui l&#8217;algoritmo (da Meeus, <em>Astronomical Algorithms<\/em>, 2009).<\/p>\n\n\n\n<div class=\"wp-block-media-text alignwide is-stacked-on-mobile\" style=\"grid-template-columns:31% auto\"><figure class=\"wp-block-media-text__media\"><a href=\"https:\/\/eratostene.vialattea.net\/wpe\/wp-content\/uploads\/2020\/06\/direzione-del-bordo-illuminato2.jpg\"><img loading=\"lazy\" decoding=\"async\" width=\"850\" height=\"1024\" src=\"https:\/\/eratostene.vialattea.net\/wpe\/wp-content\/uploads\/2020\/06\/direzione-del-bordo-illuminato2-850x1024.jpg\" alt=\"\" class=\"wp-image-5224 size-full\" srcset=\"https:\/\/eratostene.vialattea.net\/wpe\/wp-content\/uploads\/2020\/06\/direzione-del-bordo-illuminato2-850x1024.jpg 850w, https:\/\/eratostene.vialattea.net\/wpe\/wp-content\/uploads\/2020\/06\/direzione-del-bordo-illuminato2-249x300.jpg 249w, https:\/\/eratostene.vialattea.net\/wpe\/wp-content\/uploads\/2020\/06\/direzione-del-bordo-illuminato2-768x925.jpg 768w, https:\/\/eratostene.vialattea.net\/wpe\/wp-content\/uploads\/2020\/06\/direzione-del-bordo-illuminato2.jpg 1000w\" sizes=\"auto, (max-width: 850px) 100vw, 850px\" \/><\/a><\/figure><div class=\"wp-block-media-text__content\">\n<p>$C_N$ e $C_S$: cuspidi nord e sud<br>$M$: punto medio del bordo illuminato<br>$Z$: direzione dello zenit<br>$P_N$: direzione del polo nord celeste<br>$\\chi$: posizione angolare del punto medio rispetto al punto nord del disco lunare<br>$q$: angolo parallattico<\/p>\n<\/div><\/div>\n\n\n\n<p>L&#8217;angolo $\\chi$ si calcola:<\/p>\n\n\n\n$$\\tan\\chi=\\frac{\\cos\\delta_S\\sin(\\alpha_S-\\alpha_L)}{\\sin\\delta_S\\cos\\delta_L-\\cos\\delta_S\\sin\\delta_L\\cos(\\alpha_S-\\alpha_L)}$$\n\n\n\n<p>Dove $\\alpha_S$, $\\delta_S$ e $\\alpha_L$, $\\delta_L$ sono l&#8217;ascensione retta e la declinazione rispettivamente del Sole e della Luna.<\/p>\n\n\n\n<p>L&#8217;angolo di posizione $\\chi$ fornisce l&#8217;inclinazione dell&#8217;apice del bordo illuminato rispetto alla direzione del polo nord celeste. Per trovare l&#8217;angolo di posizione rispetto allo zenit $\\chi_z$:<\/p>\n\n\n\n$$\\chi_z = \\chi-q$$\n\n\n\n<p>dove $q$ \u00e8 l&#8217;<a href=\"https:\/\/eratostene.vialattea.net\/wpe\/glossario\/angolo-parallattico\/\">angolo parallattico<\/a>. <\/p>\n\n\n\n<p>L&#8217;angolo di posizione delle cuspidi si ottiene sommando o sottraendo $90^\\circ$ a $\\chi$ o a $\\chi_z$ rispettivamente per la cuspide nord e la cuspide sud.<\/p>\n\n\n\n<!-- Page-list plugin v.4.3 wordpress.org\/plugins\/page-list\/ -->\n<ul class=\"page-list siblings-page-list \">\n<li class=\"page_item page-item-12733\"><a href=\"https:\/\/eratostene.vialattea.net\/wpe\/argomenti\/luna\/fasi-della-luna\/\">Fasi della Luna<\/a><\/li>\n<li class=\"page_item page-item-12764\"><a href=\"https:\/\/eratostene.vialattea.net\/wpe\/argomenti\/luna\/i-mesi-lunari\/\">I mesi lunari<\/a><\/li>\n<li class=\"page_item page-item-12797\"><a href=\"https:\/\/eratostene.vialattea.net\/wpe\/argomenti\/luna\/lorbita-della-luna\/\">L&#8217;orbita della Luna<\/a><\/li>\n<li class=\"page_item page-item-12975 page_item_has_children\"><a href=\"https:\/\/eratostene.vialattea.net\/wpe\/argomenti\/luna\/eclissi\/\">Eclissi<\/a>\n<ul class='children'>\n\t<li class=\"page_item page-item-13010\"><a href=\"https:\/\/eratostene.vialattea.net\/wpe\/argomenti\/luna\/eclissi\/saros-e-il-ciclo-di-metone\/\">Saros e il ciclo di Metone<\/a><\/li>\n\t<li class=\"page_item page-item-13248\"><a href=\"https:\/\/eratostene.vialattea.net\/wpe\/argomenti\/luna\/eclissi\/il-raggio-del-cerchio-dombra\/\">Il raggio del cerchio d&#8217;ombra<\/a><\/li>\n<\/ul>\n<\/li>\n<li class=\"page_item page-item-5183\"><a href=\"https:\/\/eratostene.vialattea.net\/wpe\/argomenti\/luna\/dove-guarda-la-luna\/\">Dove guarda la Luna?<\/a><\/li>\n\n<\/ul>\n","protected":false},"excerpt":{"rendered":"<p>Se si osserva la Luna intorno al primo quarto o all&#8217;ultimo quarto si pu\u00f2 assistere ad un fenomeno interessante. Il bordo illuminato dovrebbe essere rivolto verso il Sole. In termini pi\u00f9 precisi, prolungando il segmento che congiunge il centro del<\/p>\n","protected":false},"author":1,"featured_media":0,"parent":12700,"menu_order":200,"comment_status":"closed","ping_status":"closed","template":"","meta":{"_coblocks_attr":"","_coblocks_dimensions":"","_coblocks_responsive_height":"","_coblocks_accordion_ie_support":"","_uag_custom_page_level_css":"","footnotes":""},"class_list":["post-5183","page","type-page","status-publish","hentry"],"uagb_featured_image_src":{"full":false,"thumbnail":false,"medium":false,"medium_large":false,"large":false,"1536x1536":false,"2048x2048":false,"featured-blog-large":false,"featured-blog-medium":false,"featured":false,"featured-blog-medium-small":false,"rpwe-thumbnail":false},"uagb_author_info":{"display_name":"adminwperatostene","author_link":"https:\/\/eratostene.vialattea.net\/wpe\/author\/adminwperatostene\/"},"uagb_comment_info":0,"uagb_excerpt":"Se si osserva la Luna intorno al primo quarto o all&#8217;ultimo quarto si pu\u00f2 assistere ad un fenomeno interessante. Il bordo illuminato dovrebbe essere rivolto verso il Sole. In termini pi\u00f9 precisi, prolungando il segmento che congiunge il centro del","_links":{"self":[{"href":"https:\/\/eratostene.vialattea.net\/wpe\/wp-json\/wp\/v2\/pages\/5183","targetHints":{"allow":["GET"]}}],"collection":[{"href":"https:\/\/eratostene.vialattea.net\/wpe\/wp-json\/wp\/v2\/pages"}],"about":[{"href":"https:\/\/eratostene.vialattea.net\/wpe\/wp-json\/wp\/v2\/types\/page"}],"author":[{"embeddable":true,"href":"https:\/\/eratostene.vialattea.net\/wpe\/wp-json\/wp\/v2\/users\/1"}],"replies":[{"embeddable":true,"href":"https:\/\/eratostene.vialattea.net\/wpe\/wp-json\/wp\/v2\/comments?post=5183"}],"version-history":[{"count":47,"href":"https:\/\/eratostene.vialattea.net\/wpe\/wp-json\/wp\/v2\/pages\/5183\/revisions"}],"predecessor-version":[{"id":12793,"href":"https:\/\/eratostene.vialattea.net\/wpe\/wp-json\/wp\/v2\/pages\/5183\/revisions\/12793"}],"up":[{"embeddable":true,"href":"https:\/\/eratostene.vialattea.net\/wpe\/wp-json\/wp\/v2\/pages\/12700"}],"wp:attachment":[{"href":"https:\/\/eratostene.vialattea.net\/wpe\/wp-json\/wp\/v2\/media?parent=5183"}],"curies":[{"name":"wp","href":"https:\/\/api.w.org\/{rel}","templated":true}]}}